emainder when 23 is divided by (10 - 0 - a) + 0?
11
Let s(v) = v**2 - 4*v. Let z be s(3). Suppose -14 - 4 = -2*b. Calculate the remainder when (-6)/b + (-71)/z is divided by 12.
11
Suppose 53*l + 40 = 57*l. What is the remainder when 68 is divided by l?
8
Let q be (16/(-12))/((-4)/102). Suppose -10 = -4*v - 2, -f = v - q. What is the remainder when f is divided by 11?
10
Let f(y) = -3*y + 4. Let k be f(3). Let i be 7 + k + (-10)/(-1). Suppose -4 = -4*c + i. Calculate the remainder when 11 is divided by c.
3
Suppose -7 + 34 = 3*i. Let j(n) = 3*n**3 + 2*n**2 + 2*n - 2. What is the remainder when j(2) is divided by i?
7
Let o = 0 + 7. Let s = -21 + 31. Let m = -7 + s. Calculate the remainder when o is divided by m.
1
Let p be (8/12)/(4/30). Calculate the remainder when 26 is divided by (-2)/(-3 - -2) + p.
5
What is the remainder when 5/(-30) + (-115)/(-6) is divided by 7?
5
Let q be ((-1)/2)/((-4)/360). Suppose -5*d = 2*i - 33, -d - 5*i = 4*d - q. Let t = -4 + 6. What is the remainder when d is divided by t?
1
Let t(w) = -w**3 - 16*w**2 + 17. Let a be (-24 - -2)/((-6)/3). Let c = a + -5. What is the remainder when t(-16) is divided by c?
5
Suppose -8*j = 3*j - 275. Calculate the remainder when 97 is divided by j.
22
Let w = 5 + 5. What is the remainder when 18 is divided by w?
8
Let l(o) = o**2 - 21*o - 12. Calculate the remainder when 64 is divided by l(23).
30
Suppose 2*o = 4*o - 62. Suppose 4*j + 10 + o = w, -5*w - j + 268 = 0. Calculate the remainder when w is divided by ((-90)/(-35))/(1/7).
17
Suppose 34 = 3*z - 2. Suppose z = 3*k - k. What is the remainder when 21 is divided by k?
3
Let s(z) = -2*z**2 - z + 10. Let l be 2/(-8) + (-2)/(-8). What is the remainder when (1 + -37)/(-2) + l is divided by s(0)?
8
Suppose n - 37 = -5*y, 9 + 0 = 3*y. Suppose -n = -3*b + 17. What is the remainder when b is divided by 7?
6
Calculate the remainder when 3*-1*176/(-12) is divided by 15.
14
Let d = -3 - -5. Let q = -7 - -9. Calculate the remainder when 1 is divided by ((-6)/d + q)/(-1).
0
Let q = -11 + 6. Let w = -3 + q. Let s(r) = -r - 2. What is the remainder when 17 is divided by s(w)?
5
Suppose -5*n + l + 4*l + 30 = 0, -2*n - 2*l + 24 = 0. Let u(w) = -5*w. Let a be u(-4). Calculate the remainder when n is divided by a/(-8)*(-2)/1.
4
Let b(a) = 6*a**2 + 4*a - 1. What is the remainder when b(4) is divided by 19?
16
Suppose -5*x - 3*p + 216 = 0, 5*x = 3*p + 255 - 21. Let v be (111/(-6))/(3/6). Let l = v - -60. Calculate the remainder when x is divided by l.
22
Suppose -36 + 142 = 4*l - 3*p, -2*l - 2*p = -46. Calculate the remainder when 122 is divided by l.
22
Suppose 175 = 6*f - 197. What is the remainder when f is divided by 16?
14
Let m(y) = -y**2 - y + 4. Calculate the remainder when 6 is divided by m(0).
2
Let w = -58 - -87. Calculate the remainder when w is divided by 16.
13
Let z(x) = 2*x + 7. Let f be z(-7). Let s = f + 9. Let d = s + 5. Calculate the remainder when d is divided by 4.
3
Let c(w) = -8*w + 57. Calculate the remainder when 13 is divided by c(6).
4
Let y = 146 + -61. What is the remainder when y is divided by 29?
27
Let y(m) = 3*m**2 - 9*m - 2. What is the remainder when 18 is divided by y(4)?
8
Let m(u) = -10*u - 4. Let k = 6 + -9. Calculate the remainder when 76 is divided by m(k).
24
Let t = -7 + 12. Suppose -3*o - 77 = -t*n, 0*o = 5*o + 20. Suppose 2*q - 110 = -5*f, -3*f + 0*q + 2*q = -82. What is the remainder when f is divided by n?
11
What is the remainder when 3*(-5)/(-30)*22 is divided by 4?
3
Let w(q) = -q**2 + 6*q + 3. Let k be w(5). Let h(l) = -l**2 + 9*l + 6. Suppose 4*u = -u + 25. Calculate the remainder when h(k) is divided by u.
4
Let t(r) be the second derivative of r**4/12 - r**3/3 + 2*r. What is the remainder when t(4) is divided by 3?
2
What is the remainder when -18*((-50)/6 + 4) is divided by 20?
18
Suppose -3*o - 5*w = -85, 2*w + 28 = o + 4*w. Calculate the remainder when o is divided by ((-24)/(-60))/((-1)/(-40)).
14
Suppose 4*t - 2*t - f - 3 = 0, 2*f + 10 = 0. Calculate the remainder when ((-29)/(-3))/(t/(-3)) is divided by (20/(-6))/(8/(-24)).
9
Let i be ((-3)/((-3)/(-134)))/(-2). Let s = -8 + i. What is the remainder when s is divided by 20?
19
Let w(s) = s**3 + 7*s**2 - 10*s + 1. What is the remainder when (2 + -1)*(0 - -32) is divided by w(-8)?
15
Suppose 4*s - 2*i - 64 = -6*i, -74 = -5*s - 3*i. Suppose -7 = 4*h - 27. Calculate the remainder when s is divided by h.
3
Suppose 0*c = 2*c - 14. Let a(d) = d**2 - 6*d - 25. Calculate the remainder when c is divided by a(-3).
1
Suppose -101 + 41 = -3*x. Let q = -7 - -3. Let k(p) = -4*p - 5. What is the remainder when x is divided by k(q)?
9
Let y(o) = -2*o - 1. Let g(r) = r**2 + r + 10. Let j be g(0). Suppose 3*z - 2 = j. What is the remainder when y(-6) is divided by z?
3
Suppose 4*n + 2*i = 14, 0 = 5*n - 0*n + i - 16. Let w be (2/(-6))/(n/(-36)). What is the remainder when 7 is divided by (-34)/(-9) - w/(-18)?
3
What is the remainder when 45 is divided by 1/(((-22)/24)/(-11))?
9
Suppose 0 = -5*j + 5*o + 60, j + 0*o + 8 = -4*o. Let p(i) = 15*i**2. Let s be p(3). What is the remainder when 1/(-3*(-3)/s) is divided by j?
7
What is the remainder when (10/15)/(2/519) is divided by 25?
23
Suppose 0 = -5*g + 14 + 46. What is the remainder when (2/3)/(2/66) is divided by g?
10
Suppose 5*y = -o + 9 + 20, -3*y = -2*o - 7. Suppose 0 = h - y. Let k(p) = 2*p + 3. What is the remainder when k(3) is divided by h?
4
Suppose r = -5*a + 24 + 2, a - 2 = 3*r. Suppose -13 = -3*v + a. Calculate the remainder when 21 is divided by v.
3
Let t(y) = -y + 1. Let w be t(4). What is the remainder when 19 is divided by (20/(-6))/(1/w)?
9
Let c = -5 + 9. Calculate the remainder when 15 is divided by c.
3
Suppose 4*k + 3*k = 210. What is the remainder when 59 is divided by k?
29
Let c(p) = -2*p**2 - 2*p + 2. Let g be c(-2). Let z = 3 - g. What is the remainder when 40 is divided by (-204)/(-15) + 2/z?
12
Let x be 10*(1 - 1/(-2)). Suppose 2*z - 37 = x. Calculate the remainder when z is divided by 14.
12
Let f(y) = 17*y**2 + 2*y - 1. Calculate the remainder when 69 is divided by f(1).
15
Let d = 2 + 4. What is the remainder when 27 is divided by d?
3
Calculate the remainder when 18 is divided by 2 + -1*16/(-2).
8
Let r be (-3)/9 - 16/(-3). Let d = r - -1. What is the remainder when 22 is divided by d?
4
Let p = -8 + 14. Let d be (-3)/p - (-2)/4. Let l(i) = i**3 + i + 12. Calculate the remainder when 34 is divided by l(d).
10
Let c = 13 - 8. Let t be (-5)/(-2)*108/30. Suppose 4*a + t + 69 = 5*v, -a + 54 = 4*v. What is the remainder when v is divided by c?
4
Suppose -326 = -12*f + 478. What is the remainder when f is divided by 17*1/(1/1)?
16
Let b be ((-2)/4)/((-2)/(-4)). What is the remainder when 29 is divided by (15/(-4))/(b/4)?
14
Let a(v) = 7*v + 3. Calculate the remainder when a(3) is divided by 13.
11
Suppose 7*c - 40 = 2*c. Let q(v) = v**2 + 2*v - 2. Let g(u) = -u. Let w(t) = 2*g(t) + q(t). Calculate the remainder when w(-4) is divided by c.
6
Let k(s) = -s**2 - 5*s + 6. Let l(b) = -3*b. Let v be l(2). Calculate the remainder when (3/v)/(1/(-34)) is divided by k(-5).
5
Suppose -5*s = -10*s + 100. What is the remainder when 77 is divided by s?
17
Suppose 2*m + 15 = w, -w = m - 2 - 1. What is the remainder when 20 is divided by w?
6
Let t = 4 - 4. Let h = t + 1. Let n(s) = -2*s - 3. What is the remainder when n(-2) is divided by h?
0
Let k(c) = 8*c**2 + c - 1. Let t be k(2). Let m be 110*3/18*3. Let r = m - t. What is the remainder when r is divided by 8?
6
Suppose 4*g - 17 = d, -2*g + d = -2*d - 1. Suppose -3*a = g*f + 5, -5*f - a = 3*a + 10. Let k = 6 - 3. What is the remainder when k is divided by f?
1
Let f be 4/(-4 + (-75)/(-18)). Suppose 0 = -5*w + f + 271. What is the remainder when w is divided by 1 + 14/(-3)*-3?
14
Let r be 1/(5/2 - 2). Suppose l = -r*l. Let z = l + 8. Calculate the remainder when z is divided by 5.
3
Let z(s) = 2*s**3 - 3*s**2 + s - 3. Let r be z(3). Suppose -r = h - 4*h + 2*q, -4*q - 10 = -2*h. What is the remainder when 32 is divided by h?
10
Let x = 29 - 17. Let t(g) = -7*g - 7. Let w be t(-5). Suppose 0 = z + 3*z - w. Calculate the remainder when x is divided by z.
5
Suppose -4*y - 7 = -3*y. What is the remainder when 9 is divided by ((-51)/21 - -2)*y?
